 when 7665308 is divided by 3513.
3455
Calculate the remainder when 145159 is divided by 8486.
897
What is the remainder when 263777 is divided by 11987?
63
What is the remainder when 544129 is divided by 535?
34
Calculate the remainder when 3116912 is divided by 937.
450
What is the remainder when 20681361 is divided by 8686?
8681
Calculate the remainder when 5589342 is divided by 1955.
1952
Calculate the remainder when 28611904 is divided by 23.
19
Calculate the remainder when 449456 is divided by 449398.
58
Calculate the remainder when 861986 is divided by 2963.
2716
Calculate the remainder when 5122068 is divided by 4.
0
What is the remainder when 340879 is divided by 424?
407
Calculate the remainder when 26224060 is divided by 403447.
5
Calculate the remainder when 1341931 is divided by 572.
19
Calculate the remainder when 278215 is divided by 1039.
802
What is the remainder when 72830 is divided by 11962?
1058
What is the remainder when 10776 is divided by 407?
194
What is the remainder when 4125885 is divided by 485?
475
What is the remainder when 1340037 is divided by 187?
182
Calculate the remainder when 66609339 is divided by 3.
0
Calculate the remainder when 852395 is divided by 154.
5
Calculate the remainder when 2671536 is divided by 2671256.
280
What is the remainder when 820809 is divided by 22?
11
Calculate the remainder when 4200463 is divided by 90.
73
What is the remainder when 988591 is divided by 2899?
32
What is the remainder when 193130881 is divided by 64376956?
13
What is the remainder when 1655671 is divided by 13683?
28
Calculate the remainder when 26165480 is divided by 13082737.
6
Calculate the remainder when 263535742 is divided by 225.
217
Calculate the remainder when 830162 is divided by 415079.
4
What is the remainder when 8299241 is divided by 345801?
17
Calculate the remainder when 706358 is divided by 353148.
62
Calculate the remainder when 1931627 is divided by 218.
147
What is the remainder when 256787241 is divided by 361?
360
Calculate the remainder when 1469868 is divided by 4835.
28
Calculate the remainder when 6921336 is divided by 70625.
86
What is the remainder when 5025811 is divided by 1675130?
421
What is the remainder when 12010618 is divided by 1501320?
58
Calculate the remainder when 524689513 is divided by 20.
13
Calculate the remainder when 848394667 is divided by 201.
199
Calculate the remainder when 1178089 is divided by 35.
24
Calculate the remainder when 457392203 is divided by 6188.
6183
What is the remainder when 477898 is divided by 434?
64
Calculate the remainder when 157618901 is divided by 1174.
9
Calculate the remainder when 77856713 is divided by 1.
0
Calculate the remainder when 518830 is divided by 129703.
18
Calculate the remainder when 13424007 is divided by 15.
12
What is the remainder when 132068 is divided by 591?
275
Calculate the remainder when 49928366 is divided by 423.
407
What is the remainder when 6335139 is divided by 2111674?
117
Calculate the remainder when 38686798 is divided by 519.
19
What is the remainder when 2513802 is divided by 279310?
12
What is the remainder when 33746150 is divided by 12895?
12830
What is the remainder when 6888775 is divided by 14030?
45
Calculate the remainder when 123176 is divided by 13685.
11
Calculate the remainder when 90285069 is divided by 1162.
1155
Calculate the remainder when 2089895 is divided by 130618.
7
Calculate the remainder when 280271 is divided by 135.
11
Calculate the remainder when 6116346 is divided by 771.
3
What is the remainder when 5141300 is divided by 1659?
59
Calculate the remainder when 2644695503 is divided by 813.
812
Calculate the remainder when 5473168 is divided by 466.
464
What is the remainder when 76080 is divided by 7025?
5830
What is the remainder when 1317396 is divided by 5907?
135
Calculate the remainder when 1686071 is divided by 323.
11
Calculate the remainder when 488116 is divided by 162468.
712
What is the remainder when 39585 is divided by 92?
25
What is the remainder when 181022323 is divided by 1947?
1945
What is the remainder when 131145 is divided by 43551?
492
Calculate the remainder when 4427642 is divided by 442763.
12
Calculate the remainder when 23798 is divided by 23258.
540
What is the remainder when 1961438 is divided by 701?
40
What is the remainder when 3333248 is divided by 125?
123
What is the remainder when 120842 is divided by 824?
538
What is the remainder when 278606 is divided by 49?
41
Calculate the remainder when 2095598 is divided by 650.
648
Calculate the remainder when 252291 is divided by 1195.
146
What is the remainder when 1175626100 is divided by 722?
720
Calculate the remainder when 184426 is divided by 1298.
110
Calculate the remainder when 160176 is divided by 53368.
72
What is the remainder when 143297 is divided by 14329?
7
Calculate the remainder when 22350 is divided by 1982.
548
What is the remainder when 29531067 is divided by 34948?
7
Calculate the remainder when 103379 is divided by 403.
211
Calculate the remainder when 312855 is divided by 22341.
81
What is the remainder when 4792 is divided by 1760?
1272
What is the remainder when 67155 is divided by 64191?
2964
What is the remainder when 50807919 is divided by 20?
19
What is the remainder when 4978270 is divided by 148?
142
What is the remainder when 961600 is divided by 239420?
3920
What is the remainder when 4384190 is divided by 1461257?
419
What is the remainder when 9174322 is divided by 1187?
1186
Calculate the remainder when 143197 is divided by 23850.
97
What is the remainder when 37967806 is divided by 547?
536
Calculate the remainder when 1498353 is divided by 214049.
10
What is the remainder when 3808302 is divided by 38458?
960
Calculate the remainder when 119586713 is divided by 60.
53
What is the remainder when 33476410 is divided by 57?
25
What is the remainder when 76577 is divided by 6961?
6
What is the remainder when 51419277 is divided by 660?
657
What is the remainder when 20482256 is divided by 58354?
2
Calculate the remainder when 1481695 is divided by 1100.
1095
Calculate the remainder when 517614 is divided by 517597.
17
Calculate the remainder when 884153 is divided by 441697.
759
Calculate the remainder when 3052202 is divided by 6080.
42
Calculate the remainder when 555423 is divided by 226.
141
Calculate the remainder when 5859291 is divided by 4261.
416
Calculate the remainder when 178619 is divided by 89294.
31
Calculate the remainder when 373883390 is divided by 11834.
11828
Calculate the remainder when 18852487 is divided by 85.
82
What is the remainder when 383225 is divided by 15964?
89
What is the remainder when 52540648 is divided by 41?
9
Calculate the remainder when 92897 is divided by 98.
91
Calculate the remainder when 2956156 is divided by 331.
326
Calculate the remainder when 99323 is divided by 16415.
833
Calculate the remainder when 56149363 is divided by 13.
10
What is the remainder when 149735499 is divided by 30?
9
What is the remainder when 344109 is divided by 4721?
4197
What is the remainder when 294457841 is divided by 9?
8
What is the remainder when 35586 is divided by 12?
6
Calculate the remainder when 182652 is divided by 54.
24
Calculate the remainder when 840799 is divided by 40.
39
What is the remainder when 1169797 is divided by 24889?
14
Calculate the remainder when 401097 is divided by 338.
229
Calculate the remainder when 644990 is divided by 644888.
102
What is the remainder when 8773337 is divided by 29943?
38
What is the remainder when 10917968 is divided by 82?
78
What is the remainder when 502739 is divided by 304?
227
What is the remainder when 7036567 is divided by 502611?
13
What is the remainder when 2545082 is divided by 184?
178
What is the remainder when 561470 is divided by 6648?
3038
What is the remainder when 1552567 is divided by 517504?
55
Calculate the remainder when 541619 is divided by 103.
45
Calculate the remainder when 7706609 is divided by 963326.
1
Calculate the remainder when 1902177 is divided by 490.
487
Calculate the remainder when 113604 is divided by 10278.
546
Calculate the remainder when 368179 is divided by 300.
79
What is the remainder when 2021588 is divided by 62?
16
What is the remainder wh